2*p**2 - 3*p - 3. What is the units digit of o(z)?
1
Let r(v) = 46*v - 20. Let f be r(5). Suppose 2*m = -4*g - 0*g - 254, -m + 2*g = 143. Let n = f + m. What is the tens digit of n?
7
Suppose 24 = -23*m + 26*m. Suppose -m*w = -584 - 768. Let q = 351 - w. What is the hundreds digit of q?
1
What is the tens digit of 6/9*42/(-8) + (-1532190)/(-60)?
3
Let a = -531 - -212. Let p = a + 432. What is the hundreds digit of p?
1
Suppose h - 6323 = -1387. Suppose -12*u + h = -1268. What is the hundreds digit of u?
5
Suppose 37*a = 39*a, 2*n = 4*a + 2722. What is the units digit of n?
1
Suppose 15*i - 9117 = 10398. What is the thousands digit of i?
1
Let m = -35 - -37. Suppose 0 = -8*h + m*h. What is the tens digit of (-1 - h) + (-2 - (-114 - -5))?
0
Let h = 134927 - 61164. What is the ten thousands digit of h?
7
Let p = 10504 - 5842. What is the tens digit of p?
6
Suppose -2*z + 7*r + 16826 = 3*r, -25299 = -3*z - 4*r. What is the units digit of z?
5
Let k(h) = 15*h**2 + 9*h - 19. Let j be k(10). Suppose j = 8*p - 493. What is the hundreds digit of p?
2
Suppose 3*m + 2*m + 5*l + 105 = 0, -4*m + 2*l = 114. Let f = m + 29. Suppose 70 - 7 = f*r. What is the units digit of r?
1
What is the units digit of (728/(-252))/((-4)/9)*1072?
8
Let z(r) = -8*r + 59. Let w be z(7). Suppose -w*i = -665 - 19. What is the units digit of i?
8
Let f = -152 - -160. Suppose -7*s - f*s + 5280 = 0. What is the tens digit of s?
5
Let f(r) be the third derivative of -23*r**6/60 + r**5/12 + r**4/8 - 2*r**3/3 - 42*r**2. What is the units digit of f(-2)?
8
Let d = 1607 - -2072. What is the hundreds digit of d?
6
Let p = -26195 - -64955. What is the ten thousands digit of p?
3
Let z(m) = -2*m**3 + 18*m**2 - 29*m - 7. Let u be z(6). What is the tens digit of -2*u/(-15)*(41 - 2)?
8
Let a = -33047 - -52295. What is the hundreds digit of a?
2
Suppose 1098 = 50*y - 41*y. Let n = y - 93. What is the tens digit of n?
2
Let n(o) = 109*o**2 - 47*o - 219. What is the ten thousands digit of n(-11)?
1
Let a(l) = -45*l + 200. Let g be a(-5). Let i = g + 183. What is the units digit of i?
8
Let y = 34 - -1. Let h = 63 - y. Suppose 5*u - m - 85 - h = 0, 5*u + 5*m - 125 = 0. What is the units digit of u?
3
Suppose 1036887 = 83*r - 226788. What is the hundreds digit of r?
2
Let z(f) = -f**3 + 36*f**2 - 50*f + 40. Let c be z(34). Let k = c + -432. What is the hundreds digit of k?
2
Suppose -36*b + 11364 = -288336. What is the units digit of b?
5
Let b(h) = 611*h - 129. What is the thousands digit of b(8)?
4
Suppose 2*y + 92 = 1652. Let z(n) = -2*n - 10. Let f be z(-15). Suppose -23*m + f*m + y = 0. What is the units digit of m?
0
What is the thousands digit of 9913 + (4 + 63/(-14))*-2?
9
What is the thousands digit of ((-987436)/(-115) + (-4)/10)/(25/75)?
5
Let y(h) = 8*h**3 - 6*h**2 + h + 3. Let p = -190 - -193. What is the tens digit of y(p)?
6
Let u(p) = 311*p - 4069. What is the thousands digit of u(34)?
6
Let h(u) = 3*u - 51. Let s be h(24). Suppose 22*l = s*l + 21. Let j(y) = 9*y + 11. What is the tens digit of j(l)?
0
Suppose -473 + 578 = 7*b. Suppose -10*t + b*t = 1475. What is the units digit of t?
5
Let p(g) = -g**3 + 10*g**2 - 5*g - 1. Let n be p(9). Suppose 6*y + 481 = 175. Let x = n - y. What is the tens digit of x?
8
Let y(i) = 5*i**2 + 13*i - 1. Let d be y(-3). Suppose -2*k - 2*k + 4112 = d*c, 0 = -5*c. What is the hundreds digit of k?
0
Let m be (-10 + 7)*(-557)/3. Let f = -27 + m. What is the hundreds digit of f?
5
What is the thousands digit of -5 + -2 + 0 + 10318 + 2?
0
Let c(k) = -45*k - 181. Let u be c(-16). Suppose -3*s = -s + m - u, s - 257 = -3*m. What is the tens digit of s?
7
Let p = 103 + -280. Let u = 358 + p. What is the hundreds digit of u?
1
Suppose 2*d = -4*m - 12, -m - 3 = -22*d + 18*d. Suppose 0 = -o + 2 - 1, d = 4*z + 3*o - 1875. What is the tens digit of z?
6
Let s(g) = -5*g + 168. Let v be s(33). Suppose -v*x + 0*x = 3*q - 1443, -5*x = -4*q + 1915. What is the tens digit of q?
8
What is the tens digit of 23846 + -7 + (-17)/17?
3
Suppose 91*x = 83*x + 172000. What is the hundreds digit of x?
5
Let j(r) = 24*r**2 + 64*r + 687. What is the units digit of j(-11)?
7
Suppose 4*h - 3*b = -b + 256730, 0 = 5*h + 7*b - 320998. What is the thousands digit of h?
4
What is the tens digit of (-9405)/132*612/(-15)?
0
Let z(x) = -x + 11. Let t be z(10). Let y = -230 + 467. What is the units digit of (56/84)/(t/y)?
8
Let j = 2810 - 1093. Suppose 0 = -4*g + j + 599. Suppose g = 3*n + 3*t, t - 6 = -2*t. What is the tens digit of n?
9
Suppose -n - 10755 - 7981 = -2*y, 9359 = y - 2*n. What is the thousands digit of y?
9
What is the ten thousands digit of (-22)/165 - 6113440/(-300)?
2
Suppose 20 = 2*b - 4*m, -5 + 1 = 2*b + 2*m. Let h(x) = x**2 + 3*x - 4. Let t be h(b). Suppose 85 - 7 = t*c. What is the units digit of c?
3
Let o(x) = -12*x - 104. Let w(m) = 3*m + 26. Let b(j) = -2*o(j) - 9*w(j). What is the units digit of b(-10)?
4
Let f be (-9 - -12) + 1*-6 + 6. Suppose 2*i - 3*j - 175 = 0, f*i - 7*i - 3*j + 305 = 0. What is the tens digit of i - -1*(2 + 1)?
8
Let m(a) = -a + 4. Let z be m(1). What is the units digit of -12*((-954)/24)/z?
9
Let i(r) = 7*r**3 - 2*r + 6. Let p(y) = -14*y**3 + 3*y - 13. Let z(v) = 7*i(v) + 3*p(v). What is the units digit of z(2)?
9
Suppose 5*z = -f + 3*f - 2187, 0 = 4*f + z - 4385. Suppose 4*t + 9 - 583 = -2*g, -5*t = -4*g + f. What is the hundreds digit of g?
2
Suppose 8*h + 89 = 113. Suppose 746 = y - 2*p, 0 = -3*y + h*p + 2*p + 2241. What is the units digit of y?
2
Let u be 3/(45/10)*24. Let i(j) = j**3 - 15*j**2 - 10*j. Let p be i(u). What is the tens digit of 5 - 3 - 7/((-7)/p)?
9
Let v(l) = -22*l + 110. Let m = -708 - -701. What is the hundreds digit of v(m)?
2
Let u = 75 - 158. Let z = u + 78. Let s = 142 - z. What is the tens digit of s?
4
What is the hundreds digit of 2/8*(-25 - -17 - -64164)?
0
Suppose 8*u = 3*u + 6835. Let l = u + -890. Suppose -3*n = i - l, -5*n + 1001 - 206 = 3*i. What is the tens digit of n?
5
Suppose 5*q - 15 = j + 22, -2*q = -4*j - 22. Let x(a) = -a**3 + 16*a**2 + 2*a + 16. What is the tens digit of x(q)?
7
Let l = 853 - 268. Suppose 3*i - l = 777. What is the tens digit of i?
5
Let o(s) = 47 - 20*s - 33*s - 9*s - 2. What is the tens digit of o(-7)?
7
Suppose -600*w = -598*w - 1672. What is the tens digit of w?
3
Let c = -122301 + 171226. What is the units digit of c?
5
Let v = -2138 - -12814. What is the units digit of v?
6
Suppose 0*k = -3*k + 207. Suppose -53*c = -66*c + 1391. Suppose 2*h - c = k. What is the tens digit of h?
8
Let j = -149 - -101. Let k = j - 34. Let i = -42 - k. What is the units digit of i?
0
Let z(x) = -x**2 + x + 2. Let y(w) = -w**3 - 9*w**2 + 10*w + 27. Let d(b) = -y(b) - z(b). What is the hundreds digit of d(-9)?
1
Let w be 145*(70/(-25) - 6). Let g = 2322 + w. What is the tens digit of g?
4
Let m = 10605 - 6423. Suppose -5*f = -3*t - 2103 - 2083, 0 = 5*f - t - m. What is the units digit of f?
6
Suppose -4 = 5*p + n, n + 4 = -0*p - p. Suppose 8*b - 16*b + 32 = p. Suppose 2*a + 5*q - 240 + 35 = 0, 4*q = -b*a + 380. What is the units digit of a?
0
Let x(u) = -14*u**2 - 392*u + 69. What is the tens digit of x(-28)?
6
Let b(g) = 5*g**2 - 469*g - 627. What is the hundreds digit of b(145)?
4
Let y = 115 - -3635. What is the hundreds digit of y?
7
Suppose 88*r - 163*r + 1636575 = 0. What is the thousands digit of r?
1
Let n be ((-3)/(-18) - (-4)/12)*4. Let l be 3/n*16/6. Suppose 3*i + 2*h + 26 = 343, l*i - 4*h = 436. What is the hundreds digit of i?
1
Let k = 18943 + -12843. What is the thousands digit of k?
6
Let u(q) = -3*q**3 - 8*q**2 + 16*q + 21. Let m be u(-5). Suppose -27258 = -m*b + 94*b. What is the hundreds digit of b?
2
Let w be (10/6)/(3 + 52/(-18)). Let r be (-36)/w*(-15)/6. Suppose -y = r*v - 11*v - 76, 3*v + 219 = 4*y. What is the units digit of y?
1
Suppose -3*p + 2*m + 35894 = -77350, 188744 = 5*p - 2*m. What is the thousands digit of p?
7
What is the hundreds digit of 12 - (-5992 + 60/(-15))?
0
Let k(f) = f**3 + 6*f**2 + 7*f + 2. Let z be k(-3). Let n(q) = 2*q**3 - 5*q**2 - 48*q + 5. What is the units digit of n(z)?
5
Let h = -50 - -1742. Suppose -h = 13*r - 17*r. What is the units digit of r?
3
Suppose 30*x - 75164 = -404. What is the tens digit of x?
9
Let n be 15/(-6) - 9/(-6)*1. W